t) be the third derivative of 37*t**4/8 - 5*t**3/3 - 60*t**2. What is the units digit of o(2)?
2
Let q(y) = -1 - 3 + 0*y + 2*y**2 - 10*y. Let t(c) = -2*c**2 + 12*c. Let p be t(5). What is the units digit of q(p)?
6
Let y(q) = 466*q**2 + 195*q + 787. What is the units digit of y(-4)?
3
Let r(o) = o - 1. Let h be r(-1). What is the tens digit of 20/(-25)*(3804/(-8) + h)?
8
Let d(t) = 9*t + 117. Let w be d(-13). Suppose w = 4*c - 3*i - 1804, -17*c - 3*i = -22*c + 2255. What is the tens digit of c?
5
Let q = -32 + 33. Let x be ((-2)/(-12))/(q/6). Let i(v) = 7*v**3 - 2*v**2 + v. What is the units digit of i(x)?
6
Suppose -4*v = v. Suppose w - l = 10, 0 = 7*w - 9*w + 4*l + 20. Suppose m + 241 = 5*u + w, v = -3*m + 12. What is the tens digit of u?
4
Let p(a) = -17140*a**3 - 2*a**2 - 7*a - 6. What is the ten thousands digit of p(-1)?
1
Let k be 155 - 150 - 4*(-442)/4. Suppose -452*n = -k*n - 1405. What is the units digit of n?
1
Let i = -865 - -731. Let m = i - -369. What is the units digit of m?
5
Suppose -19*c = -64 + 216. Let v(y) = -2*y**3 - 12*y**2 - 1. What is the hundreds digit of v(c)?
2
Let y(g) = -155*g**3 + 10*g**2 + 27*g + 3. What is the thousands digit of y(-2)?
1
Let l be (-23107)/(-63) + (-4)/(-18). Suppose -7098 = -373*u + l*u. What is the units digit of u?
3
Let q(d) = d**2 + 4*d - 31. Let j be q(0). Let s = 137 + j. What is the units digit of (1 - (5 - 5))/(2/s)?
3
Suppose -3*y = -2*j + 77146, -91*j = -93*j + 4*y + 77146. What is the units digit of j?
3
Let d(g) = -5388*g**3 - 3*g**2 - 4*g - 3. What is the tens digit of d(-1)?
8
Suppose -3*c - 3*t - 12 = 0, -5*t - 23 + 3 = c. Let o(h) = -16*h + 8*h + c*h - 15*h - 2. What is the units digit of o(-4)?
0
Let r(x) be the second derivative of x**5/20 + 3*x**4/4 + 5*x**3/3 + 5*x**2 + 21*x. Let g be r(-9). Let c = -25 - g. What is the units digit of c?
5
Suppose -47*p = -14*p - 70785. Suppose 5*o + k = 2225 - 86, 0 = 5*o - 5*k - p. What is the tens digit of o?
2
Let b(r) = -3*r + 97. Let v be b(21). Suppose -13*g - 21189 = -v*g. What is the hundreds digit of g?
0
What is the tens digit of 2/(-3)*95/(-38) + (-81175)/(-3)?
6
Suppose -5*t + 10 - 1210 = 0. Let g = 401 + t. What is the units digit of g?
1
Let b(i) = i**3 - 57*i + 6 - 7 + 54*i. Suppose 2*a + 7 = 15. What is the units digit of b(a)?
1
Let n = -10749 - -17453. What is the hundreds digit of n?
7
Suppose -32*x + 22 = -10. Let g(u) = 15*u**2 - 4. Let k(t) = -76*t**2 + 19. Let p(j) = -19*g(j) - 4*k(j). What is the tens digit of p(x)?
1
What is the hundreds digit of 0 - ((-4)/8)/((-10)/(-144500))?
2
Suppose 2*i + g - 421 = 0, -2*g + 64 = i - 151. Suppose q = 4*j - 137, 3*q + q + 536 = 4*j. Let h = q + i. What is the tens digit of h?
7
Let f = -100 + 92. Let u(i) = -i**3 - 7*i**2 - 12. Let o be u(f). Suppose -b = 3*z - 92, 2*b - o = 5*z + 110. What is the units digit of b?
6
Suppose -3*b + 252 = 6*b. Suppose -4*n + 20 = -0*v + 2*v, 3*v + 4*n = b. Suppose -c - 3*x = -v, c = 2*c + 5*x - 2. What is the units digit of c?
7
Let f = 10186 - 6586. What is the thousands digit of f?
3
Let k(g) = g**3 + 10*g**2 + 3*g + 16. Let n be k(-8). What is the hundreds digit of (-3478)/(-8) + n/96?
4
Let f be -3 + (-9)/(-4) - 17969/(-28). Suppose 11*b - f = 9*b - l, -5*l = -5*b + 1640. What is the hundreds digit of b?
3
Suppose -29208 = -3*m + 3*t, 4*m - t + 5*t - 38968 = 0. What is the tens digit of m?
3
Let n(r) = -r**2 - 7*r + 14. Let a be n(-9). What is the hundreds digit of 1529 + -2 + a*(-3)/(-3)?
5
Let i be (29/(-2))/(8/16). Let c = -24 - i. Suppose 421 - 81 = c*l. What is the tens digit of l?
6
Let q(r) = 1209*r + 431. What is the units digit of q(10)?
1
Let w(j) = 13*j**2 + 3*j - 176. Let n be w(15). Let s = -942 + n. What is the units digit of s?
2
Let q be -2 + 143*-2 + 6 + -6. Let i = 1376 + q. What is the thousands digit of i?
1
Suppose 2*y = 2*t + 46, 2*y - 3*t - 69 = -24. Suppose -3*m = m - y. Let d(u) = 2*u**2 + 24. What is the tens digit of d(m)?
9
Let n(z) = -z**2 + 20*z + 26. Let l(p) = 2*p + 8. Suppose -2*y = -3*c - 10, -4*y = -0*c + 3*c - 20. Let o be l(y). What is the units digit of n(o)?
2
Let u(i) = -i**3 + 25*i**2 + 21*i - 13. Let p be u(26). Let v = p + 146. What is the units digit of v?
3
Let g(u) = u**2 + 54. Let y(j) = j**2 + 53. Let c(v) = -v**3 + 5*v**2 + 7*v - 11. Let x be c(6). Let p(a) = x*y(a) + 6*g(a). What is the tens digit of p(0)?
5
Suppose 3*w - 31 = -2*k, -7*k + 5*w + 40 = -2*k. Suppose -m + 1752 = k*m. Let l = m + -70. What is the tens digit of l?
7
Let r(g) = -g**3 + 5*g**2 - 3*g + 16. Let f be r(5). What is the units digit of -1*(-255)/1 - f?
4
Let c = -1619 + 3007. Suppose i - 5*i = -c. What is the tens digit of i?
4
Let c(d) = -158*d. Let v(a) = -158*a + 1. Suppose -5*m = k + 19, -3*k - 2*m + 2 = -5*k. Let x(i) = k*v(i) + 3*c(i). What is the units digit of x(1)?
4
Suppose -d + 2711 = -631. Suppose -u + 7*u - d = 0. What is the tens digit of u?
5
What is the tens digit of (156/(-182))/((-4)/(-14)) - -12707?
0
Let c be 52/390 + 58/15. Suppose -c*a - 313 = -2825. What is the units digit of a?
8
Suppose -4*g - 6 = z, 6 = 2*z + z. Let y(t) = -4*t**2 - 10*t - 1. Let j be y(-6). What is the tens digit of j/(-10)*g*-1?
1
Suppose 10 = b - 2*b + 4*t, -5*b = -4*t - 14. Suppose 6 = 3*s, -7*j + b*j + 2*s + 148 = 0. What is the units digit of j?
2
What is the thousands digit of (9/15 - 1568/20)*(-6955)/107?
5
Let y = -17323 - -41358. What is the thousands digit of y?
4
Let p(j) = -8*j**2 + 21*j**2 + 8*j**2 + j**3 + 12*j - 12. Let g(d) = d**3 - 6*d**2 + 5. Let t be g(5). What is the hundreds digit of p(t)?
1
What is the thousands digit of (16 - (-72 + -8))*251?
4
Let b = 105865 - 40384. What is the ten thousands digit of b?
6
Let j = 532 + -302. What is the tens digit of (-3 - (-119)/35)*j?
9
Suppose 213*l - 1542576 - 2220032 = -974012. What is the units digit of l?
2
Suppose 0 = 4*t - 2*m - 20858, 4*t + 20*m = 17*m + 20833. What is the thousands digit of t?
5
Suppose 0 = -2*x - 4 + 10. Let n be 1860/6*x/6. Suppose 6*q = -5*f + 2*q + 157, -5*f - 5*q = -n. What is the tens digit of f?
3
Suppose -30878 - 230482 = -45*l. What is the tens digit of l?
0
Let y = 4123 - 2562. Let s = -9 + 1. What is the units digit of (-2)/s - y/(-28)?
6
Let b(w) = -70*w - 94. What is the units digit of b(-32)?
6
Let d = 556 + -952. Let z = -275 - d. What is the hundreds digit of z?
1
Let i be 48/9*9/(-6). Let p(u) = 5*u**2 + u + 43. What is the tens digit of p(i)?
5
Let k = -31229 - -38563. What is the units digit of k?
4
Let p = -9326 + 15733. What is the hundreds digit of p?
4
Let n = 19076 - -51424. What is the thousands digit of n?
0
Suppose -80 - 52 = 4*i. Let m be (-20)/6*i/(-22). What is the units digit of (m - -3) + 120/2?
8
Suppose 0 = -726*w + 699*w + 203094. What is the thousands digit of w?
7
Suppose -3706*n + 3728*n + 484 = 0. Suppose 3*x + a - 639 = -x, a + 166 = x. Let d = x + n. What is the tens digit of d?
3
Let c be (42 + 1)*(4 + -5). Let n = -28 - c. Suppose 2*j - 37 = n. What is the units digit of j?
6
Let w(k) = 115*k - 57. Let t(z) = 173*z - 86. Let m(d) = 5*t(d) - 7*w(d). What is the tens digit of m(10)?
6
Suppose -10*i = -5378 + 1738. Let c = i + 560. What is the units digit of c?
4
Let b be -12*(27/(-6) - -4). Suppose i - b = -3. Suppose 0*l + 246 = i*l. What is the units digit of l?
2
Suppose z + m = 4*z - 3, -4*m = -12. Suppose -5*t = -2*v - 3*v + 65, -2*v + 14 = z*t. Suppose -v*s + 8*s = -114. What is the tens digit of s?
5
What is the tens digit of (-3932865)/(-212) - (3 + (-45)/12 + 0)?
5
Let m(h) = -33*h - 521. Let p be m(-17). Let l(s) = -s**3 - 6*s**2 + 4. Let t be l(-6). Suppose 448 + p = t*b. What is the units digit of b?
2
Suppose -9986 = -3*q + 4*a - 1290, -a + 14524 = 5*q. What is the thousands digit of q?
2
Suppose 5*b + 5*f = b + 1136, -4*b - f + 1120 = 0. Suppose -253 = -4*v + b. What is the hundreds digit of v?
1
What is the tens digit of (-18)/2 + (-32320)/(-10)?
2
Let r(t) = 0 - 3 - 12*t + 0 + 9*t. Let h be r(-2). Suppose x = 5 + h. What is the units digit of x?
8
Let x = 29928 - 16379. What is the thousands digit of x?
3
Let b = 280 + -288. What is the tens digit of 674 + -33 - (-2 - b)?
3
Suppose -2*m - 21 = x - m, m + 37 = -2*x. Let k be 28/1 - (-20 - x). Suppose -2*d + k = 3*q - 98, -4*d = 3*q - 2